 - 9 = l + 2*m. List the prime factors of l.
3
Suppose 299 = h + 4*q, q - 5*q = -8. What are the prime factors of h?
3, 97
Let a(r) = -r**2 - 8*r - 5. Let u be a(-8). Let i(s) = -4*s. Let w(o) = -3*o - 1. Let f(b) = -2*i(b) + 3*w(b). List the prime factors of f(u).
2
List the prime factors of 787/6 - 2*6/72.
131
Let f(m) = m**3 - 8*m**2 - 5*m - 11. Let l be f(9). Suppose -11 = -4*s + l. List the prime factors of s.
3
Suppose -4*a + 50 = 2*g, 2*g = 5*a - 2*a - 55. What are the prime factors of a?
3, 5
Suppose 22 = -4*j + 5*p, p + 3 = j + 8. List the prime factors of (j - -29) + -3 - 3.
2, 5
Suppose 5*o + 2 - 82 = 0. Let v be 2/(-4)*96/(-2). Let n = v - o. List the prime factors of n.
2
Suppose -2*x = -3*k + 216, -2*k - 8*x + 4*x = -144. List the prime factors of k.
2, 3
Let f be -6*(-2)/2 + -2. Suppose 0 = -f*x + 2*x + 14. Let g(w) = 2*w - 9. What are the prime factors of g(x)?
5
List the prime factors of (-128)/10*(180/(-8))/3.
2, 3
What are the prime factors of (413/(-4))/(6/72*-3)?
7, 59
Let f = 25 - 12. List the prime factors of f.
13
Suppose 0*c + 8 = c. Suppose -3*r + c*r - 95 = -5*p, -2*r = 3*p - 54. What are the prime factors of p?
2
Suppose -5*o + 2*d = -10, -2*d = -3*o + 9 - 3. Let q be (2 - o)*(-3)/9. Suppose m = 2*j - 11, j + q*j - 7 = -m. List the prime factors of j.
2, 3
Suppose -4*u = 2*q + u - 6, 4*u - 10 = -2*q. List the prime factors of q.
13
Suppose q = 5*i + 27, -2*q - 3*q + 5*i + 35 = 0. Suppose 0 = 4*o - 2*s - 154, -4*o + 3*s = -105 - 46. Suppose q*h = 7*h - o. What are the prime factors of h?
2
Suppose 5*u - u - 16 = 0. Let v(w) = 3*w - 3. What are the prime factors of v(u)?
3
What are the prime factors of 286/6 + (-2)/3?
47
Suppose -2*v = -4*v. Suppose v = -2*y + 6 + 44. What are the prime factors of y?
5
Let j(q) be the third derivative of q**4/12 + 3*q**3/2 + 9*q**2. What are the prime factors of j(8)?
5
Let s(i) = -4*i - 33. What are the prime factors of s(-18)?
3, 13
Suppose 0 = 2*c + 2*g + 12, 0 = -5*g - 33 + 8. Let u = c + -6. Let h = 11 + u. What are the prime factors of h?
2
Let a = 10 - 8. Suppose -2*j = a*n - 0*j, 2*j + 4 = 0. Suppose -n*b + b + 21 = 0. What are the prime factors of b?
3, 7
Suppose 102 - 24 = 2*b. List the prime factors of b.
3, 13
List the prime factors of (-5546)/(-30) + (-12)/(-90).
5, 37
Let a(y) = -y + 10. List the prime factors of a(-22).
2
Let y be 4/1*(-20)/(-8). Let k = y - -5. What are the prime factors of ((-5)/k)/(1/(-30))?
2, 5
Let x = -55 + 62. List the prime factors of x.
7
Suppose -4*i + 3*k + 96 = -i, -3*i + k = -106. What are the prime factors of i?
37
Let r = -1 + 6. Suppose -80 = c - r*c. List the prime factors of c.
2, 5
List the prime factors of 164 - -1 - (-11 - -8).
2, 3, 7
Let i(q) = -2*q - 2. Let p be i(-3). Suppose d + 36 = p*d. Suppose 1 = -j - 4*a + 29, -4*a + d = -j. List the prime factors of j.
2
Let m(o) = o**3 - 11*o**2 - 2*o + 26. What are the prime factors of m(12)?
2, 73
Let s(g) be the third derivative of -g**5/120 + g**3/3 - g**2. Let v(q) be the first derivative of s(q). List the prime factors of v(-3).
3
Let k(u) be the second derivative of 2*u**3/3 - u**2 + u. Let m be ((-3)/(-2))/((-3)/(-6)). List the prime factors of k(m).
2, 5
Let d(o) = -10*o**3 - o**2 - 2*o - 2. List the prime factors of d(-1).
3
Suppose -2*h + 6*i - 39 = i, 0 = 5*i - 25. Let s = h - -11. Suppose 36 = 5*t + 3*x, s*x - 15 = -3*t - 0. List the prime factors of t.
3
Let k(s) = -4*s + 1. Let h be k(1). Let y(v) = -v**3 - 3*v**2 - 3*v - 4. Let p be y(h). Suppose 0*t + p = t. What are the prime factors of t?
5
Let d = 0 + 2. Suppose 5*v - 3 = z + 5, -2*v + 8 = d*z. List the prime factors of z.
2
Suppose 3*t - 3*c = 13 + 50, -5*t + 3*c + 101 = 0. Let a = t + -4. List the prime factors of a.
3, 5
Suppose 4*g - 2*r = 530, -3*r + 0 = -9. What are the prime factors of g?
2, 67
Suppose 3*d + 99 = 4*h + 2*d, 18 = h + 2*d. List the prime factors of h.
2, 3
Let z = 123 + -80. What are the prime factors of z?
43
Let d = -3 + 8. Suppose 5*i + k - 6*k = d, 5*i = -3*k - 11. What are the prime factors of 2 + i - 2 - -4?
3
Suppose 0 = -4*p + 3*j + 1203 + 398, -1 = -j. List the prime factors of p.
401
Suppose 3*r - 4*z + 2*z = 395, 0 = r + 4*z - 141. What are the prime factors of r?
7, 19
Suppose -4*p - 190 = -2*a, 380 = 5*a - a - 3*p. Suppose -4*m = -o - a, -5*m + 136 = -5*o + 6. What are the prime factors of m?
23
Let q be 8 + -2 + -2*1. Suppose 0*o - q*o + 2*w = -38, -12 = -4*w. What are the prime factors of o?
11
Let h(l) be the second derivative of -l**3/3 + 2*l. List the prime factors of h(-8).
2
Let y be -12*1*(-3)/6. Let g = y + -18. Let i = g - -24. List the prime factors of i.
2, 3
Suppose 0*o = o - 2*b - 57, -3*o + 135 = 3*b. Let x = -34 + o. List the prime factors of x.
3, 5
Let a(r) = r**2 + 3*r - 3. What are the prime factors of a(-8)?
37
Let t be 0/(-1 + -2 + 0). Suppose 2*a - 7 = -3*v, 5*a + 8 = v - t*v. Suppose -5*m - 56 = -3*r, v*m + 0*m - 36 = -4*r. List the prime factors of r.
2, 3
Let p(z) be the first derivative of -z**2 + 4*z + 1. List the prime factors of p(-3).
2, 5
Let t = 7 + -11. Let s(i) = -i**3 - 5*i**2 - 3*i - 5. Let y be s(t). What are the prime factors of 3/y*(0 - 27)?
3
Let b = -6 + 1. Let a(k) = k**3 + 5*k**2 - 6*k - 3. What are the prime factors of a(b)?
3
Let j = -29 + 47. What are the prime factors of j?
2, 3
Let m = -4 + 6. Let q(c) = -4*c + m*c + c. What are the prime factors of q(-4)?
2
Let q = -345 + 485. List the prime factors of q.
2, 5, 7
Let z be (-1)/((2/3)/(-2)). What are the prime factors of -1*2*(-6 - z)?
2, 3
Let y = 0 + 5. Suppose 2*h + 5*w = 20, w - 40 = -4*h - 3*w. Let c = h - y. What are the prime factors of c?
5
Suppose 3*j + j - 24 = 0. Suppose j*i = i. Suppose i = -f - 4*f + 35. List the prime factors of f.
7
Let y(x) = -x**2 - 6*x + 10. Let d be y(-7). Suppose q + d*q - 12 = 0. Suppose -o - q = -2*o. List the prime factors of o.
3
Let t(f) = 6*f**2 + f + 1. Let z be t(-1). Suppose -p + w = -z*p + 4, 7 = 4*p - 3*w. Suppose 0 = 2*u - 9 + p. List the prime factors of u.
2
Let x(v) = 12*v**2 + 2. Let c be x(-3). Suppose -3*z = h - 24, 2*h + c = 7*h + 5*z. List the prime factors of (3/(-9))/(-1)*h.
7
Let n = 28 - -16. List the prime factors of n.
2, 11
Let u(g) = 8*g - 2. List the prime factors of u(8).
2, 31
Suppose 4 + 4 = -b. Let z = b + 12. What are the prime factors of ((-15)/(-6) - 1)*z?
2, 3
Suppose -2*b - 2*v - 10 = -6*b, v - 3 = -2*b. What are the prime factors of ((-12)/(-15))/(b/20)?
2
List the prime factors of (15 + -33)/((-2)/26).
2, 3, 13
Suppose 0 = -m - 5*m + 294. List the prime factors of m.
7
Suppose 0 = 2*x + 5*b - 199, -520 = 4*x - 9*x - 5*b. List the prime factors of x.
107
Suppose 5*u - 28 - 2 = 0. What are the prime factors of u?
2, 3
List the prime factors of -1*(-2 - -1)*20.
2, 5
Let q(c) = 22*c - 2. What are the prime factors of q(1)?
2, 5
Let y be ((-2)/1 - 22) + 0. Let g = 47 + y. Suppose g + 1 = 4*t. What are the prime factors of t?
2, 3
Let f = 74 + -5. What are the prime factors of f?
3, 23
Suppose 0 = -4*j + 3*i - 9, -5*i - 10 + 2 = j. Let l be j/9 - (-30)/9. Suppose -2*a = o - 3*o - 18, l*a - 17 = -2*o. List the prime factors of a.
7
Let g(t) = -t**3 + 5*t**2 - 5*t + 1. Let m be g(4). Let n = 2 - m. Suppose 5*s + 50 = 5*l, -n*l - 22 = 4*s - 108. List the prime factors of l.
2, 7
Suppose -3*c - 90 = -5*r - 2*c, -18 = -r - 2*c. What are the prime factors of r?
2, 3
Let l(x) = x**3 - 8*x**2 - x + 2. Let c be l(8). Let h = -6 - c. Suppose -z + 6 = -h*z. What are the prime factors of z?
2, 3
Let z = -1 + 4. Suppose z*p - 5*v + 11 = 0, 5*p - v + 5 = 4*v. Suppose 0 = 4*a + p*u - 41, -2*a + 0*u = 2*u - 22. List the prime factors of a.
2
Let w(y) = -3*y + 14*y - y. What are the prime factors of w(1)?
2, 5
What are the prime factors of 2 - (0 - -4) - -37?
5, 7
What are the prime factors of (-5)/((19/1311)/((-1)/3))?
5, 23
Let u(p) be the third derivative of p**4/24 - p**3/3 + p**2. Suppose b + 6 = 13. List the prime factors of u(b).
5
Suppose -4*l + 40 = -44. List the prime factors of l.
3, 7
Let y(c) = c**2 + 8*c - 9. Let k be y(-9). Let v be 3 + (0 - k - 6). What are the prime factors of (40/12)/((-1)/v)?
2, 5
Let n(u) = u**2 - u + 1. Let g(d) = 9*d**2 - 8*d + 7. Let a(y) = g(y) - 6*n(y). Let f be 2*(2 + -1)*1. What are t